106277?
0
Calculate the remainder when 18134364 is divided by 146.
142
Calculate the remainder when 14555006 is divided by 142696.
14
What is the remainder when 786868 is divided by 112407?
19
Calculate the remainder when 3988201 is divided by 189914.
7
Calculate the remainder when 12225646 is divided by 38445.
136
Calculate the remainder when 183823021 is divided by 46703.
13
Calculate the remainder when 59817539 is divided by 6010.
9
Calculate the remainder when 1261245 is divided by 4.
1
Calculate the remainder when 484467 is divided by 484444.
23
What is the remainder when 463177465 is divided by 370?
365
What is the remainder when 6917307 is divided by 186954?
9
Calculate the remainder when 85107 is divided by 252.
183
What is the remainder when 1434239 is divided by 1518?
1247
What is the remainder when 9713301 is divided by 9713281?
20
What is the remainder when 863099 is divided by 6441?
5
Calculate the remainder when 815551 is divided by 407.
330
What is the remainder when 11524469 is divided by 21107?
47
What is the remainder when 114343307 is divided by 1076?
15
Calculate the remainder when 33864 is divided by 1902.
1530
What is the remainder when 1223708 is divided by 206?
68
What is the remainder when 5838636 is divided by 2474?
2470
What is the remainder when 805942 is divided by 482?
38
Calculate the remainder when 72528 is divided by 14302.
1018
What is the remainder when 13015538 is divided by 548?
538
What is the remainder when 1597492 is divided by 834?
382
What is the remainder when 526521659 is divided by 147?
146
What is the remainder when 17922 is divided by 2694?
1758
Calculate the remainder when 3145038 is divided by 1799.
386
What is the remainder when 81058891 is divided by 27019623?
22
What is the remainder when 443549 is divided by 29566?
59
What is the remainder when 7816739 is divided by 33?
29
Calculate the remainder when 432903935 is divided by 2434.
2431
What is the remainder when 11436554 is divided by 2287310?
4
Calculate the remainder when 430513 is divided by 3168.
2833
What is the remainder when 2843742 is divided by 60505?
7
What is the remainder when 95248 is divided by 90?
28
What is the remainder when 11882054 is divided by 1485256?
6
What is the remainder when 90479 is divided by 275?
4
Calculate the remainder when 106056856 is divided by 53028415.
26
What is the remainder when 7351067 is divided by 639?
11
What is the remainder when 7892997 is divided by 877?
874
What is the remainder when 333698 is divided by 190?
58
What is the remainder when 14050408 is divided by 55?
53
What is the remainder when 918823 is divided by 119?
24
Calculate the remainder when 840834 is divided by 492.
6
Calculate the remainder when 227004 is divided by 1254.
30
Calculate the remainder when 266200424 is divided by 675.
674
What is the remainder when 54398646 is divided by 308?
302
Calculate the remainder when 455347 is divided by 1599.
1231
Calculate the remainder when 31055865 is divided by 1359.
1356
What is the remainder when 4009588 is divided by 23?
21
What is the remainder when 72451 is divided by 6582?
49
Calculate the remainder when 9357 is divided by 4767.
4590
What is the remainder when 136464723 is divided by 319?
32
Calculate the remainder when 231293 is divided by 74535.
7688
Calculate the remainder when 7601849 is divided by 30166.
17
What is the remainder when 17132991 is divided by 40?
31
Calculate the remainder when 1616812 is divided by 3274.
2730
Calculate the remainder when 23137751 is divided by 264.
263
Calculate the remainder when 779789 is divided by 155947.
54
What is the remainder when 120850 is divided by 60417?
16
Calculate the remainder when 10816620 is divided by 636270.
30
Calculate the remainder when 14565842 is divided by 18368.
18
Calculate the remainder when 1000174 is divided by 55.
54
What is the remainder when 28205043 is divided by 4?
3
Calculate the remainder when 57654 is divided by 2744.
30
Calculate the remainder when 2506594 is divided by 267.
265
What is the remainder when 15061951 is divided by 48?
31
Calculate the remainder when 2836398 is divided by 64462.
70
Calculate the remainder when 43602682 is divided by 30.
22
Calculate the remainder when 165192 is divided by 418.
82
Calculate the remainder when 569283 is divided by 3078.
2931
What is the remainder when 20624 is divided by 18988?
1636
Calculate the remainder when 161026 is divided by 1075.
851
What is the remainder when 70995 is divided by 1240?
315
Calculate the remainder when 63687 is divided by 21084.
435
What is the remainder when 362190 is divided by 179805?
2580
What is the remainder when 1064781 is divided by 277?
270
Calculate the remainder when 102812296 is divided by 16.
8
Calculate the remainder when 767114 is divided by 23972.
10
What is the remainder when 70503 is divided by 665?
13
Calculate the remainder when 4199851 is divided by 8823.
103
Calculate the remainder when 443573 is divided by 32.
21
What is the remainder when 287472 is divided by 4097?
682
Calculate the remainder when 69826463 is divided by 866.
17
What is the remainder when 11366 is divided by 215?
186
What is the remainder when 143274 is divided by 35750?
274
What is the remainder when 173393703 is divided by 194?
189
What is the remainder when 16099166 is divided by 1003?
13
What is the remainder when 17487 is divided by 3805?
2267
Calculate the remainder when 131787 is divided by 2898.
1377
What is the remainder when 8278306 is divided by 13417?
17
What is the remainder when 14366 is divided by 2773?
501
Calculate the remainder when 10312452 is divided by 210.
192
What is the remainder when 1679278 is divided by 290?
178
What is the remainder when 9799411 is divided by 219?
37
What is the remainder when 424359 is divided by 2176?
39
What is the remainder when 8459 is divided by 6445?
2014
Calculate the remainder when 533753 is divided by 266874.
5
What is the remainder when 1586997 is divided by 149?
147
Calculate the remainder when 268820 is divided by 462.
398
What is the remainder when 589663798 is divided by 440?
438
What is the remainder when 256116 is divided by 8893?
7112
Calculate the remainder when 15399939 is divided by 583.
577
What is the remainder when 837466 is divided by 837332?
134
Calculate the remainder when 4214565 is divided by 1404806.
147
Calculate the remainder when 51890 is divided by 17132.
494
What is the remainder when 2319282 is divided by 204?
6
What is the remainder when 633060 is divided by 63298?
80
Calculate the remainder when 11757108 is divided by 251.
17
Calculate the remainder when 1142153 is divided by 255.
8
Calculate the remainder when 69356053 is divided by 1005.
1003
What is the remainder when 65050752 is divided by 385?
382
What is the remainder when 11818474 is divided by 45808?
10
Calculate the remainder when 2322617 is divided by 331802.
3
What is the remainder when 976374 is divided by 29?
2
What is the remainder when 1270171 is divided by 211673?
133
Calculate the remainder when 1061425 is divided by 19.
9
What is the remainder when 18460 is divided by 2047?
37
Calculate the remainder when 9787787 is divided by 1223470.
27
Calculate the remainder when 13390 is divided by 6532.
326
What is the remainder when 867569 is divided by 2500?
69
Calculate the remainder when 475885 is divided by 1258.
361
Calculate the remainder when 2874264 is divided by 12889.
17
What is the remainder when 1761655 is divided by 220198?
71
What is the remainder when 33164732 is divided by 528?
524
What is the remainder when 35887 is divided by 863?
504
What is the remainder when 1678441 is divided by 803?
171
Calculate the remainder when 18427936 is divided by 2303490.
16
What is the remainder when 2613336 is divided by 19948?
148
Calculate the remainder when 351800172 is divided by 226.
210
What is the remainder when 13336 is divided by 12401?
935
Calculate the remainder when 304175 is divided by 83.
63
What is the remainder when 4800121 is divided by 18321?
19
What is the remainder when 4532734 is divided by 5345?
174
Calculate the remainder when 27894503 is divided by 45.
38
What is the remainder when 8192 is divided by 41?
33
What is the remainder when 230212 is divided by 57?
46
What is the remainder 